{"id":7084,"date":"2025-07-16T12:23:51","date_gmt":"2025-07-16T11:23:51","guid":{"rendered":"https:\/\/uvalal.uva.es\/?page_id=7084"},"modified":"2025-10-21T08:11:41","modified_gmt":"2025-10-21T07:11:41","slug":"recogidas-de-datos-anteriores","status":"publish","type":"page","link":"https:\/\/uvalal.uva.es\/index.php\/es\/recogidas-de-datos-anteriores\/","title":{"rendered":"recogidas de datos anteriores"},"content":{"rendered":"\t\t<div data-elementor-type=\"wp-page\" data-elementor-id=\"7084\" class=\"elementor elementor-7084\">\n\t\t\t\t\t\t<section class=\"elementor-section elementor-top-section elementor-element elementor-element-2f90b35 elementor-section-boxed elementor-section-height-default elementor-section-height-default\" data-id=\"2f90b35\" data-element_type=\"section\" data-e-type=\"section\">\n\t\t\t\t\t\t<div class=\"elementor-container elementor-column-gap-default\">\n\t\t\t\t\t<div class=\"elementor-column elementor-col-100 elementor-top-column elementor-element elementor-element-b6383b7\" data-id=\"b6383b7\" data-element_type=\"column\" data-e-type=\"column\">\n\t\t\t<div class=\"elementor-widget-wrap elementor-element-populated\">\n\t\t\t\t\t\t<div class=\"elementor-element elementor-element-39e4d54 elementor-widget elementor-widget-text-editor\" data-id=\"39e4d54\" data-element_type=\"widget\" data-e-type=\"widget\" data-widget_type=\"text-editor.default\">\n\t\t\t\t<div class=\"elementor-widget-container\">\n\t\t\t\t\t\t\t\t\t<ul><li>2025<ul><li>Colegio Ave Mar\u00eda (Valladolid, Espa\u00f1a)<\/li><li>Colegio Internacional de Valladolid (Espa\u00f1a)<\/li><li>University of New Mexico (EEUU)<\/li><li>Cien Aguas International School (New Mexico, EEUU)<\/li><li>Univerzitet u Banjoj Luci, Banja Luka (Bosnia y Hercegovina)<\/li><li>Prior Park (Gibraltar, Reino Unido)<\/li><li>Sotogrande International School (Cadiz, Espa\u00f1a)<\/li><\/ul><\/li><li>2024<ul><li>The University of Arizona (EEUU)<\/li><li>University of Texas at Austin (EEUU)<\/li><\/ul><\/li><li>2022-2023<ul><li>John Mackintosh Hall (Gibraltar, Reino Unido)<\/li><\/ul><\/li><li>2022<ul><li>Universidad de Gibraltar (Reino Unido)<\/li><\/ul><\/li><li>2020<ul><li>Colegio Francisco Pino (Valladolid, Espa\u00f1a)<\/li><\/ul><\/li><li>2019<ul><li>Beijing Language and Culture University (China)<\/li><\/ul><\/li><li>2017-2020<ul><li>Centro de idiomas, Universidad de Valladolid (Espa\u00f1a)<\/li><li>Colegio Ave Mar\u00eda (Valladolid, Espa\u00f1a)<\/li><\/ul><\/li><li>2017<ul><li>Westside School, Gibraltar (Reino Unido)<\/li><li>Bayside Comprehensive School, Gibraltar (Reino Unido)<\/li><li>University of Florida (EEUU)<\/li><\/ul><\/li><li>2014<ul><li>Osnovna \u0161kola Aleksa \u0160anti\u0107a, Banja Luka (Bosnia y Hercegovina)<\/li><li>Pedersborg skole, Sor\u00f8 (Dinamarca)<\/li><\/ul><\/li><li>2007-2022<ul><li>Colegio Internacional de Valladolid (Espa\u00f1a)<\/li><\/ul><\/li><li>2006-2008<ul><li>Colegio San Juan Bautista de La Salle de Valladolid (Espa\u00f1a)<\/li><\/ul><\/li><\/ul>\t\t\t\t\t\t\t\t<\/div>\n\t\t\t\t<\/div>\n\t\t\t\t\t<\/div>\n\t\t<\/div>\n\t\t\t\t\t<\/div>\n\t\t<\/section>\n\t\t\t\t<\/div>\n\t\t","protected":false},"excerpt":{"rendered":"<p>2025 Colegio Ave Mar\u00eda (Valladolid, Espa\u00f1a) Colegio Internacional de Valladolid (Espa\u00f1a) University of New Mexico (EEUU) Cien Aguas International School (New Mexico, EEUU) Univerzitet u Banjoj Luci, Banja Luka (Bosnia y Hercegovina) Prior Park (Gibraltar, Reino Unido) Sotogrande International School (Cadiz, Espa\u00f1a) 2024 The University of Arizona (EEUU) University of Texas at Austin (EEUU) 2022-2023 [&hellip;]<\/p>\n","protected":false},"author":452,"featured_media":0,"parent":0,"menu_order":0,"comment_status":"closed","ping_status":"closed","template":"page-full-width.php","meta":{"footnotes":""},"class_list":["post-7084","page","type-page","status-publish","hentry"],"_links":{"self":[{"href":"https:\/\/uvalal.uva.es\/index.php\/wp-json\/wp\/v2\/pages\/7084","targetHints":{"allow":["GET"]}}],"collection":[{"href":"https:\/\/uvalal.uva.es\/index.php\/wp-json\/wp\/v2\/pages"}],"about":[{"href":"https:\/\/uvalal.uva.es\/index.php\/wp-json\/wp\/v2\/types\/page"}],"author":[{"embeddable":true,"href":"https:\/\/uvalal.uva.es\/index.php\/wp-json\/wp\/v2\/users\/452"}],"replies":[{"embeddable":true,"href":"https:\/\/uvalal.uva.es\/index.php\/wp-json\/wp\/v2\/comments?post=7084"}],"version-history":[{"count":5,"href":"https:\/\/uvalal.uva.es\/index.php\/wp-json\/wp\/v2\/pages\/7084\/revisions"}],"predecessor-version":[{"id":7370,"href":"https:\/\/uvalal.uva.es\/index.php\/wp-json\/wp\/v2\/pages\/7084\/revisions\/7370"}],"wp:attachment":[{"href":"https:\/\/uvalal.uva.es\/index.php\/wp-json\/wp\/v2\/media?parent=7084"}],"curies":[{"name":"wp","href":"https:\/\/api.w.org\/{rel}","templated":true}]}}