{"id":4822,"date":"2022-09-02T06:52:59","date_gmt":"2022-09-02T04:52:59","guid":{"rendered":"https:\/\/uvalal.uva.es\/?page_id=4822"},"modified":"2022-10-08T09:28:17","modified_gmt":"2022-10-08T07:28:17","slug":"pruebas-experimentales","status":"publish","type":"page","link":"https:\/\/uvalal.uva.es\/index.php\/es\/datos\/corpus\/corpus-sorauvalal\/pruebas-experimentales\/","title":{"rendered":"pruebas experimentales"},"content":{"rendered":"\t\t<div data-elementor-type=\"wp-page\" data-elementor-id=\"4822\" class=\"elementor elementor-4822\">\n\t\t\t\t\t\t<section class=\"elementor-section elementor-top-section elementor-element elementor-element-233601a1 elementor-section-boxed elementor-section-height-default elementor-section-height-default\" data-id=\"233601a1\" data-element_type=\"section\" data-e-type=\"section\">\n\t\t\t\t\t\t<div class=\"elementor-container elementor-column-gap-default\">\n\t\t\t\t\t<div class=\"elementor-column elementor-col-100 elementor-top-column elementor-element elementor-element-7efc67dc\" data-id=\"7efc67dc\" data-element_type=\"column\" data-e-type=\"column\">\n\t\t\t<div class=\"elementor-widget-wrap elementor-element-populated\">\n\t\t\t\t\t\t<div class=\"elementor-element elementor-element-670e72de elementor-widget elementor-widget-text-editor\" data-id=\"670e72de\" data-element_type=\"widget\" data-e-type=\"widget\" data-widget_type=\"text-editor.default\">\n\t\t\t\t<div class=\"elementor-widget-container\">\n\t\t\t\t\t\t\t\t\t\n<p><strong>prueba experimental oral<\/strong><\/p>\n\n\n\n<p>Los datos de la prueba oral se obtuvieron a trav\u00e9s de una entrevista semi-guiada. Las preguntas se formularon para que los participantes respondieran con frases completas. Si no lo hac\u00edan, se les animaba a hacerlo.<\/p>\n\n\n\n<p>Los participantes fueron entrevistados individualmente y se les grab\u00f3 en sus respectivos colegios. Cada entrevista individual dur\u00f3 entre 8 y 16 minutos. Aunque se estableci\u00f3 un protocolo con diferentes temas propuestos (por ejemplo, familia, aficiones, intereses, colegio, preferencias diversas, m\u00fasica, amigos, etc.), se anim\u00f3 a los participantes a hablar de cualquier tema que desearan.<\/p>\n\n\n\n<p><strong>prueba experimental escrita<\/strong><\/p>\n\n\n\n<p>Los datos de la prueba escrita se obtuvieron usando una secuencia de im\u00e1genes sin palabras adaptada de la historia A1-ball del <a href=\"http:\/\/www.rehabresearch.ualberta.ca\/enni\/\" target=\"_blank\" rel=\"noopener\"><strong>Edmonton Narrative Norms Instrument<\/strong><\/a> (ENNI) (Schneider et al. 2005). La historia consta de cinco im\u00e1genes que muestran un elefante y una jirafa jugando con una pelota. Los participantes ten\u00edan que contar la historia bas\u00e1ndose en dichas im\u00e1genes.<\/p>\n\n\n\n<p>Los cambios que se han introducido en la historia original del ENNI est\u00e1n relacionados con los personajes y su g\u00e9nero biol\u00f3gico, de tal forma que los personajes de la versi\u00f3n adaptada son la jirafa Mar\u00eda y el elefante Tom.<\/p>\n\n\n\n<p>Se us\u00f3 la L1 de los participantes para explicarles c\u00f3mo se iba a desarrollar la prueba. Toda la clase llev\u00f3 a cabo la prueba en el aula, donde se proyectaron las im\u00e1genes de la historia en una pantalla para que todos los participantes las vieran. Despu\u00e9s de ver la historia, los participantes dispusieron de una hora para completar la prueba y se les permiti\u00f3 preguntar por el vocabulario que, en el caso de los verbos, se les proporcionaba de forma no flexionada.<\/p>\n\t\t\t\t\t\t\t\t<\/div>\n\t\t\t\t<\/div>\n\t\t\t\t\t<\/div>\n\t\t<\/div>\n\t\t\t\t\t<\/div>\n\t\t<\/section>\n\t\t\t\t<\/div>\n\t\t","protected":false},"excerpt":{"rendered":"<p>prueba experimental oral Los datos de la prueba oral se obtuvieron a trav\u00e9s de una entrevista semi-guiada. Las preguntas se formularon para que los participantes respondieran con frases completas. Si no lo hac\u00edan, se les animaba a hacerlo. Los participantes fueron entrevistados individualmente y se les grab\u00f3 en sus respectivos colegios. Cada entrevista individual dur\u00f3 [&hellip;]<\/p>\n","protected":false},"author":556,"featured_media":0,"parent":4818,"menu_order":3,"comment_status":"closed","ping_status":"closed","template":"page-full-width.php","meta":{"footnotes":""},"class_list":["post-4822","page","type-page","status-publish","hentry"],"_links":{"self":[{"href":"https:\/\/uvalal.uva.es\/index.php\/wp-json\/wp\/v2\/pages\/4822","targetHints":{"allow":["GET"]}}],"collection":[{"href":"https:\/\/uvalal.uva.es\/index.php\/wp-json\/wp\/v2\/pages"}],"about":[{"href":"https:\/\/uvalal.uva.es\/index.php\/wp-json\/wp\/v2\/types\/page"}],"author":[{"embeddable":true,"href":"https:\/\/uvalal.uva.es\/index.php\/wp-json\/wp\/v2\/users\/556"}],"replies":[{"embeddable":true,"href":"https:\/\/uvalal.uva.es\/index.php\/wp-json\/wp\/v2\/comments?post=4822"}],"version-history":[{"count":0,"href":"https:\/\/uvalal.uva.es\/index.php\/wp-json\/wp\/v2\/pages\/4822\/revisions"}],"up":[{"embeddable":true,"href":"https:\/\/uvalal.uva.es\/index.php\/wp-json\/wp\/v2\/pages\/4818"}],"wp:attachment":[{"href":"https:\/\/uvalal.uva.es\/index.php\/wp-json\/wp\/v2\/media?parent=4822"}],"curies":[{"name":"wp","href":"https:\/\/api.w.org\/{rel}","templated":true}]}}