{"id":37,"date":"2017-10-28T09:50:55","date_gmt":"2017-10-28T09:50:55","guid":{"rendered":"http:\/\/www3.uva.es\/uvalal\/?page_id=37"},"modified":"2025-07-28T12:20:30","modified_gmt":"2025-07-28T11:20:30","slug":"collaborators-2","status":"publish","type":"page","link":"https:\/\/uvalal.uva.es\/index.php\/group\/collaborators-2\/","title":{"rendered":"collaborators"},"content":{"rendered":"\t\t<div data-elementor-type=\"wp-page\" data-elementor-id=\"37\" class=\"elementor elementor-37\">\n\t\t\t\t\t\t<section class=\"elementor-section elementor-top-section elementor-element elementor-element-7f114145 elementor-section-boxed elementor-section-height-default elementor-section-height-default\" data-id=\"7f114145\" data-element_type=\"section\" data-e-type=\"section\">\n\t\t\t\t\t\t<div class=\"elementor-container elementor-column-gap-default\">\n\t\t\t\t\t<div class=\"elementor-column elementor-col-100 elementor-top-column elementor-element elementor-element-7eee519f\" data-id=\"7eee519f\" data-element_type=\"column\" data-e-type=\"column\">\n\t\t\t<div class=\"elementor-widget-wrap elementor-element-populated\">\n\t\t\t\t\t\t<div class=\"elementor-element elementor-element-7522e609 elementor-widget elementor-widget-text-editor\" data-id=\"7522e609\" data-element_type=\"widget\" data-e-type=\"widget\" data-widget_type=\"text-editor.default\">\n\t\t\t\t<div class=\"elementor-widget-container\">\n\t\t\t\t\t\t\t\t\t<p><strong>COLLABORATORS<\/strong><\/p><ul><li>Juana M. Liceras, <a href=\"https:\/\/www.uottawa.ca\/faculty-arts\/modern-languages-literatures\/lab\" target=\"_blank\" rel=\"noopener\">LarLab<\/a>\u00a0(Language Acquisition Research Laboratory),\u00a0University of Ottawa (Canada)<\/li><li>Elena Valenzuela, <a href=\"https:\/\/www.uottawa.ca\/faculty-arts\/modern-languages-literatures\/lab\" target=\"_blank\" rel=\"noopener noreferrer\">LarLab<\/a>\u00a0(Language Acquisition Research Laboratory),\u00a0University of Ottawa (Canada)<\/li><li>Alain Desrochers, <a href=\"https:\/\/www.uottawa.ca\/brain\/people\/desrochers-alain\" target=\"_blank\" rel=\"noopener noreferrer\">uOBMRI<\/a> (University of Ottawa Brain and Mind Research Institute), University of Ottawa\u00a0(Canada)<\/li><li>Elisa Rosado Villegas, <a href=\"http:\/\/www.ub.edu\/ice\/recerca\/grerli\/index.htm\" target=\"_blank\" rel=\"noopener noreferrer\">GRERLI<\/a> (Grup de Recerca per a l&#8217;Estudi del Repertori Ling\u00fc\u00edstic), Universitat de Barcelona (Spain)<\/li><li>Aurora Bel i Gaya, <a href=\"https:\/\/www.upf.edu\/web\/allencam\/\" target=\"_blank\" rel=\"noopener noreferrer\">ALLENCAM<\/a> (Grup de Recerca en Adquisici\u00f3 de Lleng\u00fces des de la Catalunya Multiling\u00fce), Universitat Pompeu Fabra University (Spain)<\/li><li>David Ingram, <a href=\"https:\/\/search.asu.edu\/profile\/45134\" target=\"_blank\" rel=\"noopener noreferrer\">CLR Lab<\/a> (Child Language Research Laboratory), Arizona State University (USA)<\/li><li>Antonio Borja Garc\u00eda and Claire White (from 2022), <a href=\"https:\/\/valladolid.iepgroup.es\" target=\"_blank\" rel=\"noopener noreferrer\">International School of Valladolid<\/a> (Spain)<\/li><li>Cheryl English and Jodie Lutz (until 2022), <a href=\"https:\/\/valladolid.iepgroup.es\" target=\"_blank\" rel=\"noopener noreferrer\">International School of Valladolid<\/a> (Spain)<\/li><li>\u00c1ngel Ag\u00fandez, <a href=\"https:\/\/www.valladolid.es\/es\" target=\"_blank\" rel=\"noopener noreferrer\">Ayuntamiento de Valladolid<\/a> (Spain)<\/li><li><a href=\"http:\/\/www.soldegato.com\" target=\"_blank\" rel=\"noopener\">Soldegato Laboratorio de Ideas<\/a> (Spain)<\/li><li>Silvia S\u00e1nchez Calder\u00f3n, <a href=\"https:\/\/www.uned.es\/universidad\/docentes\/filologia\/silvia-sanchez-calderon.html#publicaciones\" target=\"_blank\" rel=\"noopener\">Departamento de Filolog\u00edas Extranjeras y sus Ling\u00fc\u00edsticas<\/a>, UNED (Spain)<\/li><li>Ana de Prada P\u00e9rez, <a href=\"https:\/\/ahi.maynoothuniversity.ie\/multilingualism-interculturalism-social-cohesion\/membership\/\" target=\"_blank\" rel=\"noopener\">MISC<\/a> (Multilingualism, Interculturalism and Social Cohesion), Maynooth University (Ireland)<\/li><li>Beatriz de Diego, ALES Lab (Laboratorio de investigacio\u0301n en Audicio\u0301n, Lenguaje, y Exploracio\u0301n Sonora), Psicologi\u0301a y Dida\u0301ctica de la Expresio\u0301n Musical, <a href=\"https:\/\/educasg.uva.es\" target=\"_blank\" rel=\"noopener\">Facultad de Educacio\u0301n de Segovia<\/a>, Universidad de Valladolid (Spain)<\/li><\/ul><p><strong>FORMER COLLABORATORS<\/strong><\/p><ul><li>Susana Mu\u00f1iz Fern\u00e1ndez, <a href=\"http:\/\/www.uva.es\" target=\"_blank\" rel=\"noopener noreferrer\">Universidad de Valladolid<\/a>\u00a0(Spain) (2002-2009)<\/li><li>Roc\u00edo P\u00e9rez-Tattam, <a href=\"https:\/\/www.bangor.ac.uk\/bilingualism\/?catid=&amp;subid=6603\" target=\"_blank\" rel=\"noopener noreferrer\">ESRC<\/a> (Centre for Research on Bilingualism), Bangor University (UK) (2003-2010)<\/li><li>Mar\u00eda Isabel Parrado Rom\u00e1n, <a href=\"http:\/\/www.uva.es\" target=\"_blank\" rel=\"noopener noreferrer\">Universidad de Valladolid<\/a>\u00a0(Spain) (2004-2008)<\/li><li>Susana Perales Haya, <a href=\"http:\/\/web.unican.es\" target=\"_blank\" rel=\"noopener noreferrer\">Universidad de Cantabria<\/a> (Spain) (2005-2013)<\/li><li>Alejandro Mart\u00ednez,\u00a0<a href=\"http:\/\/www.uva.es\" target=\"_blank\" rel=\"noopener noreferrer\">Universidad de Valladolid<\/a>\u00a0(Spain) (2018-2019)<\/li><li>Diana Carrascal Tris, <a href=\"http:\/\/www.uva.es\" target=\"_blank\" rel=\"noopener noreferrer\">Universidad de Valladolid<\/a> (Spain) (2016-2025)<\/li><li><p>Radoslava Stankova Laikova, <a href=\"http:\/\/www.uva.es\">Universidad de Valladolid<\/a> (Spain) (2015-2025)<\/p><\/li><\/ul>\t\t\t\t\t\t\t\t<\/div>\n\t\t\t\t<\/div>\n\t\t\t\t\t<\/div>\n\t\t<\/div>\n\t\t\t\t\t<\/div>\n\t\t<\/section>\n\t\t\t\t<\/div>\n\t\t","protected":false},"excerpt":{"rendered":"<p>COLLABORATORS Juana M. Liceras, LarLab\u00a0(Language Acquisition Research Laboratory),\u00a0University of Ottawa (Canada) Elena Valenzuela, LarLab\u00a0(Language Acquisition Research Laboratory),\u00a0University of Ottawa (Canada) Alain Desrochers, uOBMRI (University of Ottawa Brain and Mind Research Institute), University of Ottawa\u00a0(Canada) Elisa Rosado Villegas, GRERLI (Grup de Recerca per a l&#8217;Estudi del Repertori Ling\u00fc\u00edstic), Universitat de Barcelona (Spain) Aurora Bel i Gaya, [&hellip;]<\/p>\n","protected":false},"author":556,"featured_media":0,"parent":11,"menu_order":2,"comment_status":"closed","ping_status":"closed","template":"page-full-width.php","meta":{"footnotes":""},"class_list":["post-37","page","type-page","status-publish","hentry"],"_links":{"self":[{"href":"https:\/\/uvalal.uva.es\/index.php\/wp-json\/wp\/v2\/pages\/37","targetHints":{"allow":["GET"]}}],"collection":[{"href":"https:\/\/uvalal.uva.es\/index.php\/wp-json\/wp\/v2\/pages"}],"about":[{"href":"https:\/\/uvalal.uva.es\/index.php\/wp-json\/wp\/v2\/types\/page"}],"author":[{"embeddable":true,"href":"https:\/\/uvalal.uva.es\/index.php\/wp-json\/wp\/v2\/users\/556"}],"replies":[{"embeddable":true,"href":"https:\/\/uvalal.uva.es\/index.php\/wp-json\/wp\/v2\/comments?post=37"}],"version-history":[{"count":6,"href":"https:\/\/uvalal.uva.es\/index.php\/wp-json\/wp\/v2\/pages\/37\/revisions"}],"predecessor-version":[{"id":7267,"href":"https:\/\/uvalal.uva.es\/index.php\/wp-json\/wp\/v2\/pages\/37\/revisions\/7267"}],"up":[{"embeddable":true,"href":"https:\/\/uvalal.uva.es\/index.php\/wp-json\/wp\/v2\/pages\/11"}],"wp:attachment":[{"href":"https:\/\/uvalal.uva.es\/index.php\/wp-json\/wp\/v2\/media?parent=37"}],"curies":[{"name":"wp","href":"https:\/\/api.w.org\/{rel}","templated":true}]}}