{"id":173,"date":"2017-10-29T07:57:38","date_gmt":"2017-10-29T07:57:38","guid":{"rendered":"http:\/\/www3.uva.es\/uvalal\/?page_id=173"},"modified":"2020-07-31T13:27:53","modified_gmt":"2020-07-31T11:27:53","slug":"colaboradores-longitudinales","status":"publish","type":"page","link":"https:\/\/uvalal.uva.es\/index.php\/es\/datos\/corpus\/corpus-ferfulice\/colaboradores-longitudinales\/","title":{"rendered":"personal participante"},"content":{"rendered":"<p><span style=\"color: #50a2ce\"><strong>grabaciones:<\/strong><\/span><\/p>\n<ul>\n<li>Raquel Fern\u00e1ndez Fuertes<\/li>\n<li>K. Todd Spradlin<\/li>\n<li>Esther \u00c1lvarez de la Fuente<\/li>\n<\/ul>\n<p><span style=\"color: #50a2ce\"><strong>transcripciones-espa\u00f1ol:<\/strong><\/span><\/p>\n<ul>\n<li>Esther \u00c1lvarez de la Fuente<\/li>\n<li>Susana Mu\u00f1iz Fern\u00e1ndez<\/li>\n<li>Isabel Parrado Rom\u00e1n<\/li>\n<li>K. Todd Spradlin<\/li>\n<li>Elisa Rosado Villegas<\/li>\n<li>Israel de la Fuente Velasco<\/li>\n<li>Alfonso Mart\u00ednez P\u00e9rez<\/li>\n<li>Montserrat Berm\u00fadez Bausela<\/li>\n<\/ul>\n<p><span style=\"color: #50a2ce\"><strong>transcripciones-ingl\u00e9s:<\/strong><\/span><\/p>\n<ul>\n<li>Roc\u00edo P\u00e9rez-Tattam<\/li>\n<li>Tamara Vardomskaya<\/li>\n<li>Anah\u00ed Alba de la Fuente<\/li>\n<li>K. Todd Spradlin<\/li>\n<li>Marco Llamazares<\/li>\n<li>Melissa Grimes<\/li>\n<li>Shauna Flynn<\/li>\n<li>Deidre Butters<\/li>\n<\/ul>\n","protected":false},"excerpt":{"rendered":"<p>grabaciones: Raquel Fern\u00e1ndez Fuertes K. Todd Spradlin Esther \u00c1lvarez de la Fuente transcripciones-espa\u00f1ol: Esther \u00c1lvarez de la Fuente Susana Mu\u00f1iz Fern\u00e1ndez Isabel Parrado Rom\u00e1n K. Todd Spradlin Elisa Rosado Villegas Israel de la Fuente Velasco Alfonso Mart\u00ednez P\u00e9rez Montserrat Berm\u00fadez Bausela transcripciones-ingl\u00e9s: Roc\u00edo P\u00e9rez-Tattam Tamara Vardomskaya Anah\u00ed Alba de la Fuente K. Todd Spradlin Marco [&hellip;]<\/p>\n","protected":false},"author":556,"featured_media":0,"parent":135,"menu_order":3,"comment_status":"closed","ping_status":"closed","template":"page-full-width.php","meta":{"footnotes":""},"class_list":["post-173","page","type-page","status-publish","hentry"],"_links":{"self":[{"href":"https:\/\/uvalal.uva.es\/index.php\/wp-json\/wp\/v2\/pages\/173","targetHints":{"allow":["GET"]}}],"collection":[{"href":"https:\/\/uvalal.uva.es\/index.php\/wp-json\/wp\/v2\/pages"}],"about":[{"href":"https:\/\/uvalal.uva.es\/index.php\/wp-json\/wp\/v2\/types\/page"}],"author":[{"embeddable":true,"href":"https:\/\/uvalal.uva.es\/index.php\/wp-json\/wp\/v2\/users\/556"}],"replies":[{"embeddable":true,"href":"https:\/\/uvalal.uva.es\/index.php\/wp-json\/wp\/v2\/comments?post=173"}],"version-history":[{"count":0,"href":"https:\/\/uvalal.uva.es\/index.php\/wp-json\/wp\/v2\/pages\/173\/revisions"}],"up":[{"embeddable":true,"href":"https:\/\/uvalal.uva.es\/index.php\/wp-json\/wp\/v2\/pages\/135"}],"wp:attachment":[{"href":"https:\/\/uvalal.uva.es\/index.php\/wp-json\/wp\/v2\/media?parent=173"}],"curies":[{"name":"wp","href":"https:\/\/api.w.org\/{rel}","templated":true}]}}