{"id":126,"date":"2017-10-29T07:37:38","date_gmt":"2017-10-29T07:37:38","guid":{"rendered":"http:\/\/www3.uva.es\/uvalal\/?page_id=126"},"modified":"2025-07-28T12:25:50","modified_gmt":"2025-07-28T11:25:50","slug":"datos","status":"publish","type":"page","link":"https:\/\/uvalal.uva.es\/index.php\/es\/datos\/","title":{"rendered":"DATOS"},"content":{"rendered":"\t\t<div data-elementor-type=\"wp-page\" data-elementor-id=\"126\" class=\"elementor elementor-126\">\n\t\t\t\t\t\t<section class=\"elementor-section elementor-top-section elementor-element elementor-element-cb9652 elementor-section-boxed elementor-section-height-default elementor-section-height-default\" data-id=\"cb9652\" data-element_type=\"section\" data-e-type=\"section\">\n\t\t\t\t\t\t<div class=\"elementor-container elementor-column-gap-default\">\n\t\t\t\t\t<div class=\"elementor-column elementor-col-20 elementor-top-column elementor-element elementor-element-75b42477\" data-id=\"75b42477\" data-element_type=\"column\" data-e-type=\"column\">\n\t\t\t<div class=\"elementor-widget-wrap\">\n\t\t\t\t\t\t\t<\/div>\n\t\t<\/div>\n\t\t\t\t<div class=\"elementor-column elementor-col-20 elementor-top-column elementor-element elementor-element-63d80d71\" data-id=\"63d80d71\" data-element_type=\"column\" data-e-type=\"column\">\n\t\t\t<div class=\"elementor-widget-wrap elementor-element-populated\">\n\t\t\t\t\t\t<div class=\"elementor-element elementor-element-51752c0d elementor-widget elementor-widget-image\" data-id=\"51752c0d\" data-element_type=\"widget\" data-e-type=\"widget\" data-widget_type=\"image.default\">\n\t\t\t\t<div class=\"elementor-widget-container\">\n\t\t\t\t\t\t\t\t\t\t\t\t\t\t\t\t<a href=\"https:\/\/uvalal.uva.es\/index.php\/es\/datos\/corpus\/\">\n\t\t\t\t\t\t\t<img decoding=\"async\" src=\"https:\/\/uvalal.uva.es\/files\/elementor\/thumbs\/03_a-orceseg26izwcbu5oxc9l534sru3d6c3qot7u4lk8c.png\" title=\"03_a\" alt=\"03_a\" loading=\"lazy\" \/>\t\t\t\t\t\t\t\t<\/a>\n\t\t\t\t\t\t\t\t\t\t\t\t\t\t\t<\/div>\n\t\t\t\t<\/div>\n\t\t\t\t<div class=\"elementor-element elementor-element-6295c595 elementor-widget elementor-widget-text-editor\" data-id=\"6295c595\" data-element_type=\"widget\" data-e-type=\"widget\" data-widget_type=\"text-editor.default\">\n\t\t\t\t<div class=\"elementor-widget-container\">\n\t\t\t\t\t\t\t\t\t<h2 style=\"text-align: center\"><a href=\"https:\/\/uvalal.uva.es\/index.php\/es\/datos\/corpus\/\"><b>corpus<\/b><\/a><\/h2>\t\t\t\t\t\t\t\t<\/div>\n\t\t\t\t<\/div>\n\t\t\t\t\t<\/div>\n\t\t<\/div>\n\t\t\t\t<div class=\"elementor-column elementor-col-20 elementor-top-column elementor-element elementor-element-49b5b7b\" data-id=\"49b5b7b\" data-element_type=\"column\" data-e-type=\"column\">\n\t\t\t<div class=\"elementor-widget-wrap elementor-element-populated\">\n\t\t\t\t\t\t<div class=\"elementor-element elementor-element-5f3864b9 elementor-widget elementor-widget-image\" data-id=\"5f3864b9\" data-element_type=\"widget\" data-e-type=\"widget\" data-widget_type=\"image.default\">\n\t\t\t\t<div class=\"elementor-widget-container\">\n\t\t\t\t\t\t\t\t\t\t\t\t\t\t\t\t<a href=\"https:\/\/uvalal.uva.es\/index.php\/es\/datos\/datos-experimentales\/https:\/\/uvalal.uva.es\/index.php\/es\/datos\/datos-experimentales\/\">\n\t\t\t\t\t\t\t<img decoding=\"async\" src=\"https:\/\/uvalal.uva.es\/files\/elementor\/thumbs\/04_a-orcesosa9pe1w1f50jt5ukh7c0f4puh5g3zk4668bw.png\" title=\"04_a\" alt=\"04_a\" loading=\"lazy\" \/>\t\t\t\t\t\t\t\t<\/a>\n\t\t\t\t\t\t\t\t\t\t\t\t\t\t\t<\/div>\n\t\t\t\t<\/div>\n\t\t\t\t<div class=\"elementor-element elementor-element-3f10f036 elementor-widget elementor-widget-text-editor\" data-id=\"3f10f036\" data-element_type=\"widget\" data-e-type=\"widget\" data-widget_type=\"text-editor.default\">\n\t\t\t\t<div class=\"elementor-widget-container\">\n\t\t\t\t\t\t\t\t\t<h2 style=\"text-align: center\"><a href=\"https:\/\/uvalal.uva.es\/index.php\/es\/datos\/datos-experimentales\/\"><strong>pruebas experimentales<\/strong><\/a><\/h2>\t\t\t\t\t\t\t\t<\/div>\n\t\t\t\t<\/div>\n\t\t\t\t\t<\/div>\n\t\t<\/div>\n\t\t\t\t<div class=\"elementor-column elementor-col-20 elementor-top-column elementor-element elementor-element-53997180\" data-id=\"53997180\" data-element_type=\"column\" data-e-type=\"column\">\n\t\t\t<div class=\"elementor-widget-wrap elementor-element-populated\">\n\t\t\t\t\t\t<div class=\"elementor-element elementor-element-74677f6 elementor-widget elementor-widget-image\" data-id=\"74677f6\" data-element_type=\"widget\" data-e-type=\"widget\" data-widget_type=\"image.default\">\n\t\t\t\t<div class=\"elementor-widget-container\">\n\t\t\t\t\t\t\t\t\t\t\t\t\t\t\t\t<a href=\"https:\/\/uvalal.uva.es\/index.php\/es\/datos\/datasets\/\">\n\t\t\t\t\t\t\t<img decoding=\"async\" src=\"https:\/\/uvalal.uva.es\/files\/elementor\/thumbs\/00_a-ot9ydkyyrf1uyy68krdpyctu7okndmxs0puool5vvw.png\" title=\"00_a\" alt=\"00_a\" loading=\"lazy\" \/>\t\t\t\t\t\t\t\t<\/a>\n\t\t\t\t\t\t\t\t\t\t\t\t\t\t\t<\/div>\n\t\t\t\t<\/div>\n\t\t\t\t<div class=\"elementor-element elementor-element-967f355 elementor-widget elementor-widget-text-editor\" data-id=\"967f355\" data-element_type=\"widget\" data-e-type=\"widget\" data-widget_type=\"text-editor.default\">\n\t\t\t\t<div class=\"elementor-widget-container\">\n\t\t\t\t\t\t\t\t\t<h2 style=\"text-align: center\"><a href=\"https:\/\/uvalal.uva.es\/index.php\/es\/datos\/datasets\/\" data-wplink-edit=\"true\"><strong>datasets<\/strong><\/a><\/h2>\t\t\t\t\t\t\t\t<\/div>\n\t\t\t\t<\/div>\n\t\t\t\t\t<\/div>\n\t\t<\/div>\n\t\t\t\t<div class=\"elementor-column elementor-col-20 elementor-top-column elementor-element elementor-element-353ed10c\" data-id=\"353ed10c\" data-element_type=\"column\" data-e-type=\"column\">\n\t\t\t<div class=\"elementor-widget-wrap\">\n\t\t\t\t\t\t\t<\/div>\n\t\t<\/div>\n\t\t\t\t\t<\/div>\n\t\t<\/section>\n\t\t\t\t<section class=\"elementor-section elementor-top-section elementor-element elementor-element-92ad475 elementor-section-boxed elementor-section-height-default elementor-section-height-default\" data-id=\"92ad475\" data-element_type=\"section\" data-e-type=\"section\">\n\t\t\t\t\t\t<div class=\"elementor-container elementor-column-gap-default\">\n\t\t\t\t\t<div class=\"elementor-column elementor-col-100 elementor-top-column elementor-element elementor-element-2b71c00\" data-id=\"2b71c00\" data-element_type=\"column\" data-e-type=\"column\">\n\t\t\t<div class=\"elementor-widget-wrap elementor-element-populated\">\n\t\t\t\t\t\t<div class=\"elementor-element elementor-element-e5d9fae elementor-widget elementor-widget-text-editor\" data-id=\"e5d9fae\" data-element_type=\"widget\" data-e-type=\"widget\" data-widget_type=\"text-editor.default\">\n\t\t\t\t<div class=\"elementor-widget-container\">\n\t\t\t\t\t\t\t\t\t<p style=\"text-align: center\"><span style=\"color: #50a2ce\">Nuestra investigaci\u00f3n cuenta con el visto bueno del Comit\u00e9 de \u00c9tica de la Investigaci\u00f3n en Seres Humanos (CEISH) de la Universidad de Valladolid [ref. 1G001-CEUVA].<\/span><\/p>\t\t\t\t\t\t\t\t<\/div>\n\t\t\t\t<\/div>\n\t\t\t\t\t<\/div>\n\t\t<\/div>\n\t\t\t\t\t<\/div>\n\t\t<\/section>\n\t\t\t\t<\/div>\n\t\t","protected":false},"excerpt":{"rendered":"<p>corpus pruebas experimentales datasets Nuestra investigaci\u00f3n cuenta con el visto bueno del Comit\u00e9 de \u00c9tica de la Investigaci\u00f3n en Seres Humanos (CEISH) de la Universidad de Valladolid [ref. 1G001-CEUVA].<\/p>\n","protected":false},"author":556,"featured_media":0,"parent":0,"menu_order":2,"comment_status":"closed","ping_status":"closed","template":"page-full-width.php","meta":{"footnotes":""},"class_list":["post-126","page","type-page","status-publish","hentry"],"_links":{"self":[{"href":"https:\/\/uvalal.uva.es\/index.php\/wp-json\/wp\/v2\/pages\/126","targetHints":{"allow":["GET"]}}],"collection":[{"href":"https:\/\/uvalal.uva.es\/index.php\/wp-json\/wp\/v2\/pages"}],"about":[{"href":"https:\/\/uvalal.uva.es\/index.php\/wp-json\/wp\/v2\/types\/page"}],"author":[{"embeddable":true,"href":"https:\/\/uvalal.uva.es\/index.php\/wp-json\/wp\/v2\/users\/556"}],"replies":[{"embeddable":true,"href":"https:\/\/uvalal.uva.es\/index.php\/wp-json\/wp\/v2\/comments?post=126"}],"version-history":[{"count":3,"href":"https:\/\/uvalal.uva.es\/index.php\/wp-json\/wp\/v2\/pages\/126\/revisions"}],"predecessor-version":[{"id":7286,"href":"https:\/\/uvalal.uva.es\/index.php\/wp-json\/wp\/v2\/pages\/126\/revisions\/7286"}],"wp:attachment":[{"href":"https:\/\/uvalal.uva.es\/index.php\/wp-json\/wp\/v2\/media?parent=126"}],"curies":[{"name":"wp","href":"https:\/\/api.w.org\/{rel}","templated":true}]}}