{"id":123,"date":"2017-10-29T07:36:32","date_gmt":"2017-10-29T07:36:32","guid":{"rendered":"http:\/\/www3.uva.es\/uvalal\/?page_id=123"},"modified":"2020-07-29T15:32:27","modified_gmt":"2020-07-29T13:32:27","slug":"descripcion-del-corpus","status":"publish","type":"page","link":"https:\/\/uvalal.uva.es\/index.php\/es\/datos\/corpus\/corpus-ferfulice\/descripcion-del-corpus\/","title":{"rendered":"descripci\u00f3n del corpus"},"content":{"rendered":"<p>El corpus <a href=\"https:\/\/childes.talkbank.org\/access\/Biling\/FerFuLice.html\" target=\"_blank\" rel=\"noopener noreferrer\"><strong>FerFuLice<\/strong><\/a>\u00a0(Fern\u00e1ndez Fuertes y Liceras 2009) recoge la producci\u00f3n espont\u00e1nea de dos gemelos biling\u00fces ingl\u00e9s\/espa\u00f1ol a lo largo de casi 6 a\u00f1os (1;01-6;11). Est\u00e1 transcrito en su totalidad en formato CHAT y disponible en <a href=\"https:\/\/childes.talkbank.org\/\" target=\"_blank\" rel=\"noopener noreferrer\">CHILDES<\/a> (MacWhinney 2000).<\/p>\n<p><strong>Financiaci\u00f3n:<\/strong> Ministerio de Educaci\u00f3n y Ciencia [BFF2002-00442], Ministerio de Ciencia e Innovaci\u00f3n [HUM2007-62213], Consejer\u00eda de Educaci\u00f3n de la Junta de Castilla y Le\u00f3n [VA046A06; y UV 30\/02].<\/p>\n","protected":false},"excerpt":{"rendered":"<p>El corpus FerFuLice\u00a0(Fern\u00e1ndez Fuertes y Liceras 2009) recoge la producci\u00f3n espont\u00e1nea de dos gemelos biling\u00fces ingl\u00e9s\/espa\u00f1ol a lo largo de casi 6 a\u00f1os (1;01-6;11). Est\u00e1 transcrito en su totalidad en formato CHAT y disponible en CHILDES (MacWhinney 2000). Financiaci\u00f3n: Ministerio de Educaci\u00f3n y Ciencia [BFF2002-00442], Ministerio de Ciencia e Innovaci\u00f3n [HUM2007-62213], Consejer\u00eda de Educaci\u00f3n de [&hellip;]<\/p>\n","protected":false},"author":556,"featured_media":0,"parent":135,"menu_order":0,"comment_status":"closed","ping_status":"closed","template":"page-full-width.php","meta":{"footnotes":""},"class_list":["post-123","page","type-page","status-publish","hentry"],"_links":{"self":[{"href":"https:\/\/uvalal.uva.es\/index.php\/wp-json\/wp\/v2\/pages\/123","targetHints":{"allow":["GET"]}}],"collection":[{"href":"https:\/\/uvalal.uva.es\/index.php\/wp-json\/wp\/v2\/pages"}],"about":[{"href":"https:\/\/uvalal.uva.es\/index.php\/wp-json\/wp\/v2\/types\/page"}],"author":[{"embeddable":true,"href":"https:\/\/uvalal.uva.es\/index.php\/wp-json\/wp\/v2\/users\/556"}],"replies":[{"embeddable":true,"href":"https:\/\/uvalal.uva.es\/index.php\/wp-json\/wp\/v2\/comments?post=123"}],"version-history":[{"count":0,"href":"https:\/\/uvalal.uva.es\/index.php\/wp-json\/wp\/v2\/pages\/123\/revisions"}],"up":[{"embeddable":true,"href":"https:\/\/uvalal.uva.es\/index.php\/wp-json\/wp\/v2\/pages\/135"}],"wp:attachment":[{"href":"https:\/\/uvalal.uva.es\/index.php\/wp-json\/wp\/v2\/media?parent=123"}],"curies":[{"name":"wp","href":"https:\/\/api.w.org\/{rel}","templated":true}]}}