{"id":114,"date":"2017-10-29T07:33:24","date_gmt":"2017-10-29T07:33:24","guid":{"rendered":"http:\/\/www3.uva.es\/uvalal\/?page_id=114"},"modified":"2023-03-22T23:47:53","modified_gmt":"2023-03-22T21:47:53","slug":"comprension","status":"publish","type":"page","link":"https:\/\/uvalal.uva.es\/index.php\/es\/datos\/datos-experimentales\/comprension\/","title":{"rendered":"comprensi\u00f3n"},"content":{"rendered":"\t\t<div data-elementor-type=\"wp-page\" data-elementor-id=\"114\" class=\"elementor elementor-114\">\n\t\t\t\t\t\t<section class=\"elementor-section elementor-top-section elementor-element elementor-element-a901900 elementor-section-boxed elementor-section-height-default elementor-section-height-default\" data-id=\"a901900\" data-element_type=\"section\" data-e-type=\"section\">\n\t\t\t\t\t\t<div class=\"elementor-container elementor-column-gap-default\">\n\t\t\t\t\t<div class=\"elementor-column elementor-col-50 elementor-top-column elementor-element elementor-element-9b66f70\" data-id=\"9b66f70\" data-element_type=\"column\" data-e-type=\"column\">\n\t\t\t<div class=\"elementor-widget-wrap elementor-element-populated\">\n\t\t\t\t\t\t<div class=\"elementor-element elementor-element-3394ae47 elementor-widget elementor-widget-image\" data-id=\"3394ae47\" data-element_type=\"widget\" data-e-type=\"widget\" data-widget_type=\"image.default\">\n\t\t\t\t<div class=\"elementor-widget-container\">\n\t\t\t\t\t\t\t\t\t\t\t\t\t\t\t<img fetchpriority=\"high\" decoding=\"async\" width=\"312\" height=\"403\" src=\"https:\/\/uvalal.uva.es\/files\/2017\/10\/rPeabody-reduced.png\" class=\"attachment-full size-full wp-image-620\" alt=\"\" srcset=\"https:\/\/uvalal.uva.es\/files\/2017\/10\/rPeabody-reduced.png 312w, https:\/\/uvalal.uva.es\/files\/2017\/10\/rPeabody-reduced-232x300.png 232w\" sizes=\"(max-width: 312px) 100vw, 312px\" \/>\t\t\t\t\t\t\t\t\t\t\t\t\t\t\t<\/div>\n\t\t\t\t<\/div>\n\t\t\t\t\t<\/div>\n\t\t<\/div>\n\t\t\t\t<div class=\"elementor-column elementor-col-50 elementor-top-column elementor-element elementor-element-5d5a7d69\" data-id=\"5d5a7d69\" data-element_type=\"column\" data-e-type=\"column\">\n\t\t\t<div class=\"elementor-widget-wrap elementor-element-populated\">\n\t\t\t\t\t\t<div class=\"elementor-element elementor-element-4dcfb29d elementor-widget elementor-widget-text-editor\" data-id=\"4dcfb29d\" data-element_type=\"widget\" data-e-type=\"widget\" data-widget_type=\"text-editor.default\">\n\t\t\t\t<div class=\"elementor-widget-container\">\n\t\t\t\t\t\t\t\t\t<p><span style=\"font-size: 12pt\"><strong><span style=\"color: #50a2ce\">vocabulario<\/span><\/strong><\/span><\/p><ul><li><strong>prueba<\/strong>: test de comprensi\u00f3n de vocabulario <em>Peabody Picture Vocabulary Test PPVT-4<\/em> (Dunn &amp; Dunn 2007)<br \/>implementaci\u00f3n: offline (l\u00e1piz y papel)<\/li><li><strong>lengua<\/strong>: ingl\u00e9s<\/li><li><strong>participantes<\/strong><br \/>\u00a0 \u00a0 \u00a0ni\u00f1os: 100 (L1 espa\u00f1ol-L2 ingl\u00e9s)<\/li><li><strong>objetivo<\/strong>: clasificar a los participantes seg\u00fan su nivel de comprensi\u00f3n en la L2<\/li><\/ul>\t\t\t\t\t\t\t\t<\/div>\n\t\t\t\t<\/div>\n\t\t\t\t\t<\/div>\n\t\t<\/div>\n\t\t\t\t\t<\/div>\n\t\t<\/section>\n\t\t\t\t<section class=\"elementor-section elementor-top-section elementor-element elementor-element-ce77d25 elementor-section-boxed elementor-section-height-default elementor-section-height-default\" data-id=\"ce77d25\" data-element_type=\"section\" data-e-type=\"section\">\n\t\t\t\t\t\t<div class=\"elementor-container elementor-column-gap-default\">\n\t\t\t\t\t<div class=\"elementor-column elementor-col-100 elementor-top-column elementor-element elementor-element-00acc07\" data-id=\"00acc07\" data-element_type=\"column\" data-e-type=\"column\">\n\t\t\t<div class=\"elementor-widget-wrap elementor-element-populated\">\n\t\t\t\t\t\t<div class=\"elementor-element elementor-element-e92ba44 elementor-widget-divider--view-line elementor-widget elementor-widget-divider\" data-id=\"e92ba44\" data-element_type=\"widget\" data-e-type=\"widget\" data-widget_type=\"divider.default\">\n\t\t\t\t<div class=\"elementor-widget-container\">\n\t\t\t\t\t\t\t<div class=\"elementor-divider\">\n\t\t\t<span class=\"elementor-divider-separator\">\n\t\t\t\t\t\t<\/span>\n\t\t<\/div>\n\t\t\t\t\t\t<\/div>\n\t\t\t\t<\/div>\n\t\t\t\t\t<\/div>\n\t\t<\/div>\n\t\t\t\t\t<\/div>\n\t\t<\/section>\n\t\t\t\t<section class=\"elementor-section elementor-top-section elementor-element elementor-element-0896bf8 elementor-section-boxed elementor-section-height-default elementor-section-height-default\" data-id=\"0896bf8\" data-element_type=\"section\" data-e-type=\"section\">\n\t\t\t\t\t\t<div class=\"elementor-container elementor-column-gap-default\">\n\t\t\t\t\t<div class=\"elementor-column elementor-col-50 elementor-top-column elementor-element elementor-element-002007f\" data-id=\"002007f\" data-element_type=\"column\" data-e-type=\"column\">\n\t\t\t<div class=\"elementor-widget-wrap elementor-element-populated\">\n\t\t\t\t\t\t<div class=\"elementor-element elementor-element-1503183 elementor-widget elementor-widget-image\" data-id=\"1503183\" data-element_type=\"widget\" data-e-type=\"widget\" data-widget_type=\"image.default\">\n\t\t\t\t<div class=\"elementor-widget-container\">\n\t\t\t\t\t\t\t\t\t\t\t\t\t\t\t<img decoding=\"async\" width=\"1653\" height=\"2339\" src=\"https:\/\/uvalal.uva.es\/files\/2023\/03\/N-modification_comprehension.png\" class=\"attachment-full size-full wp-image-5738\" alt=\"\" srcset=\"https:\/\/uvalal.uva.es\/files\/2023\/03\/N-modification_comprehension.png 1653w, https:\/\/uvalal.uva.es\/files\/2023\/03\/N-modification_comprehension-212x300.png 212w, https:\/\/uvalal.uva.es\/files\/2023\/03\/N-modification_comprehension-724x1024.png 724w, https:\/\/uvalal.uva.es\/files\/2023\/03\/N-modification_comprehension-768x1087.png 768w, https:\/\/uvalal.uva.es\/files\/2023\/03\/N-modification_comprehension-1086x1536.png 1086w, https:\/\/uvalal.uva.es\/files\/2023\/03\/N-modification_comprehension-1447x2048.png 1447w\" sizes=\"(max-width: 1653px) 100vw, 1653px\" \/>\t\t\t\t\t\t\t\t\t\t\t\t\t\t\t<\/div>\n\t\t\t\t<\/div>\n\t\t\t\t\t<\/div>\n\t\t<\/div>\n\t\t\t\t<div class=\"elementor-column elementor-col-50 elementor-top-column elementor-element elementor-element-ef60cdf\" data-id=\"ef60cdf\" data-element_type=\"column\" data-e-type=\"column\">\n\t\t\t<div class=\"elementor-widget-wrap elementor-element-populated\">\n\t\t\t\t\t\t<div class=\"elementor-element elementor-element-a0b17cb elementor-widget elementor-widget-text-editor\" data-id=\"a0b17cb\" data-element_type=\"widget\" data-e-type=\"widget\" data-widget_type=\"text-editor.default\">\n\t\t\t\t<div class=\"elementor-widget-container\">\n\t\t\t\t\t\t\t\t\t<p><span style=\"font-size: 12pt\"><span style=\"color: #50a2ce\"><strong>modificaci\u00f3n nominal<\/strong><\/span><\/span><\/p><ul><li><strong>prueba<\/strong>: a los participantes se les presentan dos im\u00e1genes, la primera ilustra un objeto, la segunda o bien otro objeto o bien un color o caracter\u00edstica. A los participantes se les pide que expliquen o definan un sintagma determinante (SDet) que combina las dos palabras de las im\u00e1genes<\/li><li><strong>implementaci\u00f3n<\/strong>: offline (l\u00e1piz y papel); datos longitudinales a lo largo de 3 a\u00f1os<\/li><li><strong>lenguas<\/strong>: ingl\u00e9s<\/li><li><strong>participantes<\/strong><br \/>\u00a0 \u00a0 \u00a0ni\u00f1os: 96 (L1 espa\u00f1ol-L2 ingl\u00e9s); 11 (L1 ingl\u00e9s, control)<\/li><li><strong>objetivo<\/strong>: analizar el orden de palabras dentro del SDet entre nombres pre-modificados por otro nombre (compuestos NN) y nombres pre-modificados por un adjetivo (combinaciones Adj+N); abordar los posibles efectos de la influencia interling\u00fc\u00edstica en el ingl\u00e9s como L2 de ni\u00f1os con espa\u00f1ol como L1; y vincular esos efectos al tiempo de exposici\u00f3n y a la instrucci\u00f3n expl\u00edcita<\/li><\/ul>\t\t\t\t\t\t\t\t<\/div>\n\t\t\t\t<\/div>\n\t\t\t\t\t<\/div>\n\t\t<\/div>\n\t\t\t\t\t<\/div>\n\t\t<\/section>\n\t\t\t\t<\/div>\n\t\t","protected":false},"excerpt":{"rendered":"<p>vocabulario prueba: test de comprensi\u00f3n de vocabulario Peabody Picture Vocabulary Test PPVT-4 (Dunn &amp; Dunn 2007)implementaci\u00f3n: offline (l\u00e1piz y papel) lengua: ingl\u00e9s participantes\u00a0 \u00a0 \u00a0ni\u00f1os: 100 (L1 espa\u00f1ol-L2 ingl\u00e9s) objetivo: clasificar a los participantes seg\u00fan su nivel de comprensi\u00f3n en la L2 modificaci\u00f3n nominal prueba: a los participantes se les presentan dos im\u00e1genes, la primera [&hellip;]<\/p>\n","protected":false},"author":556,"featured_media":0,"parent":1374,"menu_order":1,"comment_status":"closed","ping_status":"closed","template":"page-full-width.php","meta":{"footnotes":""},"class_list":["post-114","page","type-page","status-publish","hentry"],"_links":{"self":[{"href":"https:\/\/uvalal.uva.es\/index.php\/wp-json\/wp\/v2\/pages\/114","targetHints":{"allow":["GET"]}}],"collection":[{"href":"https:\/\/uvalal.uva.es\/index.php\/wp-json\/wp\/v2\/pages"}],"about":[{"href":"https:\/\/uvalal.uva.es\/index.php\/wp-json\/wp\/v2\/types\/page"}],"author":[{"embeddable":true,"href":"https:\/\/uvalal.uva.es\/index.php\/wp-json\/wp\/v2\/users\/556"}],"replies":[{"embeddable":true,"href":"https:\/\/uvalal.uva.es\/index.php\/wp-json\/wp\/v2\/comments?post=114"}],"version-history":[{"count":0,"href":"https:\/\/uvalal.uva.es\/index.php\/wp-json\/wp\/v2\/pages\/114\/revisions"}],"up":[{"embeddable":true,"href":"https:\/\/uvalal.uva.es\/index.php\/wp-json\/wp\/v2\/pages\/1374"}],"wp:attachment":[{"href":"https:\/\/uvalal.uva.es\/index.php\/wp-json\/wp\/v2\/media?parent=114"}],"curies":[{"name":"wp","href":"https:\/\/api.w.org\/{rel}","templated":true}]}}